32.
2, 27847
List the prime factors of 1178918.
2, 13, 45343
List the prime factors of 2333126.
2, 1166563
List the prime factors of 302345.
5, 17, 3557
What are the prime factors of 112121?
112121
What are the prime factors of 5210380?
2, 5, 7, 37217
List the prime factors of 16281753.
3, 5427251
What are the prime factors of 332534?
2, 23, 7229
List the prime factors of 12527249.
7, 17, 23, 199
List the prime factors of 23462263.
11, 97, 1999
What are the prime factors of 373766?
2, 186883
What are the prime factors of 3773908?
2, 943477
List the prime factors of 81701.
81701
List the prime factors of 470472.
2, 3, 19603
List the prime factors of 10272144.
2, 3, 214003
List the prime factors of 3112799.
311, 10009
What are the prime factors of 1041295?
5, 19, 97, 113
What are the prime factors of 1242339?
3, 7, 59159
What are the prime factors of 2758397?
2758397
What are the prime factors of 528591?
3, 7, 25171
List the prime factors of 587204.
2, 146801
List the prime factors of 6592988.
2, 53, 137, 227
List the prime factors of 1302437.
37, 35201
What are the prime factors of 3434303?
37, 101, 919
What are the prime factors of 533972?
2, 133493
List the prime factors of 5159866.
2, 23, 4877
What are the prime factors of 443300?
2, 5, 11, 13, 31
List the prime factors of 12212117.
19, 397, 1619
What are the prime factors of 1997700?
2, 3, 5, 6659
What are the prime factors of 431356?
2, 107839
List the prime factors of 1387395.
3, 5, 43, 239
List the prime factors of 254543.
19, 13397
List the prime factors of 884885.
5, 176977
List the prime factors of 1708332.
2, 3, 29, 4909
What are the prime factors of 674464?
2, 7, 3011
What are the prime factors of 695882?
2, 11, 47, 673
What are the prime factors of 2863987?
7, 79, 5179
What are the prime factors of 6047186?
2, 727, 4159
List the prime factors of 15471883.
7, 31, 37, 41, 47
What are the prime factors of 18265453?
18265453
List the prime factors of 8322020.
2, 5, 7, 59443
List the prime factors of 902608.
2, 7, 8059
What are the prime factors of 343836?
2, 3, 9551
List the prime factors of 420114.
2, 3, 70019
What are the prime factors of 240998?
2, 41, 2939
What are the prime factors of 55119?
3, 19, 967
What are the prime factors of 368945?
5, 113, 653
What are the prime factors of 310178?
2, 11, 23, 613
What are the prime factors of 24054976?
2, 11, 47, 727
What are the prime factors of 6029793?
3, 7, 11, 113
What are the prime factors of 192535?
5, 7, 5501
List the prime factors of 78183.
3, 7, 17, 73
What are the prime factors of 1011990?
2, 3, 5, 7, 61, 79
What are the prime factors of 100997?
13, 17, 457
List the prime factors of 177056.
2, 11, 503
What are the prime factors of 16196878?
2, 2377, 3407
List the prime factors of 7348229.
7, 1049747
List the prime factors of 182956.
2, 53, 863
What are the prime factors of 25085056?
2, 195977
What are the prime factors of 3794052?
2, 3, 421, 751
What are the prime factors of 4647068?
2, 1161767
What are the prime factors of 173559?
3, 57853
List the prime factors of 4006772.
2, 7, 11, 13009
List the prime factors of 29852.
2, 17, 439
List the prime factors of 5161324.
2, 7, 184333
What are the prime factors of 20032119?
3, 2225791
List the prime factors of 44974.
2, 113, 199
List the prime factors of 12331379.
73, 251, 673
What are the prime factors of 5708668?
2, 7, 17, 67, 179
List the prime factors of 468245.
5, 71, 1319
List the prime factors of 3210874.
2, 41, 39157
List the prime factors of 224271.
3, 24919
What are the prime factors of 9604363?
23, 417581
What are the prime factors of 718599?
3, 7, 19, 1801
What are the prime factors of 1243289?
181, 6869
What are the prime factors of 233114?
2, 7, 16651
List the prime factors of 2734858.
2, 7, 17, 11491
List the prime factors of 997701.
3, 332567
List the prime factors of 120909.
3, 41, 983
What are the prime factors of 241548?
2, 3, 20129
What are the prime factors of 5314115?
5, 17, 101, 619
What are the prime factors of 2861004?
2, 3, 238417
List the prime factors of 3190589.
3190589
What are the prime factors of 1255540?
2, 5, 11, 13, 439
What are the prime factors of 348324?
2, 3, 29027
List the prime factors of 245939.
17, 23, 37
List the prime factors of 2459686.
2, 37, 43, 773
List the prime factors of 43080.
2, 3, 5, 359
What are the prime factors of 5743875?
3, 5, 17, 53
List the prime factors of 235795.
5, 7, 6737
List the prime factors of 603838.
2, 29, 359
What are the prime factors of 19214018?
2, 167, 57527
What are the prime factors of 311462?
2, 155731
What are the prime factors of 1088560?
2, 5, 11, 1237
What are the prime factors of 1639128?
2, 3, 163, 419
What are the prime factors of 1245909?
3, 7, 79, 751
List the prime factors of 507615.
3, 5, 43, 787
List the prime factors of 3310638.
2, 3, 551773
List the prime factors of 2067837.
3, 689279
What are the prime factors of 24131131?
191, 126341
What are the prime factors of 197378?
2, 98689
List the prime factors of 422177.
7, 41, 1471
What are the prime factors of 4311787?
23, 187469
List the prime factors of 2066708.
2, 7, 31, 2381
What are the prime factors of 461837?
421, 1097
List the prime factors of 2985265.
5, 597053
What are the prime factors of 3719658?
2, 3, 61, 10163
What are the prime factors of 516402?
2, 3, 73, 131
List the prime factors of 11661312.
2, 3, 13, 73
What are the prime factors of 203287?
7, 113, 257
What are the prime factors of 4022409?
3, 1340803
List the prime factors of 2697266.
2, 11, 13, 9431
What are the prime factors of 29767068?
2, 3, 17, 31, 523
What are the prime factors of 19765656?
2, 3, 271, 1013
List the prime factors of 299369.
7, 42767
What are the prime factors of 4790660?
2, 5, 7, 19, 1801
What are the prime factors of 77566?
2, 38783
What are the prime factors of 693549?
3, 17, 1511
What are the prime factors of 4677323?
7, 29, 23041
What are the prime factors of 262792?
2, 107, 307
List the prime factors of 128043.
3, 41, 347
What are the prime factors of 451138?
2, 225569
List the prime factors of 1117428.
2, 3, 13, 19, 29
List the prime factors of 248552.
2, 31069
What are the prime factors of 4107395?
5, 821479
List the prime factors of 8533171.
257, 33203
List the prime factors of 1618244.
2, 137, 2953
What are the prime factors of 6408118?
2, 43, 269, 277
What are the prime factors of 517482?
2, 3, 7, 37
What are the prime factors of 451030?
2, 5, 23, 37, 53
What are the prime factors of 16607025?
3, 5, 59, 139
What are the prime factors of 2452928?
2, 38327
What are the prime factors of 348497?
563, 619
List the prime factors of 17797397.
1013, 17569
List the prime factors of 237959.
237959
List the prime factors of 1351901.
1351901
List the prime factors of 108985.
5, 71, 307
List the prime factors of 3182946.
2, 3, 13, 43, 73
What are the prime factors of 217756?
2, 7, 11, 101
What are the prime factors of 1677568?
2, 6553
What are the prime factors of 25463000?
2, 5, 25463
List the prime factors of 692104.
2, 7, 17, 727
List the prime factors of 10321852.
2, 2580463
What are the prime factors of 74310?
2, 3, 5, 2477
What are the prime factors of 223472?
2, 13967
What are the prime factors of 8873125?
5, 14197
List the prime factors of 2324260.
2, 5, 251, 463
What are the prime factors of 1481992?
2, 17, 641
What are the prime factors of 843958?
2, 29, 14551
What are the prime factors of 3217761?
3, 47, 7607
What are the prime factors of 79807?
7, 13, 877
What are the prime factors of 3396658?
2, 109, 15581
List the prime factors of 16364.
2, 4091
What are the prime factors of 266454?
2, 3, 113, 131
List the prime factors of 464223.
3, 271, 571
What are the prime factors of 676505?
5, 135301
List the prime factors of 482207.
11, 59, 743
List the prime factors of 344578.
2, 13, 29, 457
List the prime factors of 1528219.
7, 11, 89, 223
What are the prime factors of 129365?
5, 25873
What are the prime factors of 234199?
7, 33457
What are the prime factors of 10345333?
17, 35797
List the prime factors of 1002749.
11, 91159
List the prime factors of 12439523.
41, 127, 2389
What are the prime factors of 850215?
3, 5, 56681
What are the prime factors of 2259243?
3, 7, 47, 109
What are the prime factors of 9997727?
41, 59, 4133
What are the prime 